ctors of 900130.
2, 5, 7, 11, 167
List the prime factors of 1456211.
229, 6359
List the prime factors of 9271605.
3, 5, 7, 88301
What are the prime factors of 232467?
3, 77489
List the prime factors of 22198437.
3, 2466493
List the prime factors of 15600036.
2, 3, 197, 6599
List the prime factors of 26874878.
2, 523, 25693
List the prime factors of 5085422.
2, 379, 6709
List the prime factors of 2027946.
2, 3, 19, 17789
List the prime factors of 11010625.
5, 79, 223
What are the prime factors of 7906564?
2, 17, 116273
List the prime factors of 265301.
359, 739
What are the prime factors of 8720?
2, 5, 109
List the prime factors of 2060272.
2, 128767
List the prime factors of 576413.
113, 5101
What are the prime factors of 33399363?
3, 293, 37997
List the prime factors of 3137530.
2, 5, 11, 2593
List the prime factors of 7163356.
2, 31, 41, 1409
List the prime factors of 494193.
3, 7, 101, 233
What are the prime factors of 190322?
2, 11, 41, 211
What are the prime factors of 2695356?
2, 3, 47, 59
What are the prime factors of 1841043?
3, 19, 32299
List the prime factors of 486717.
3, 7, 11, 43
What are the prime factors of 4587084?
2, 3, 42473
List the prime factors of 262642.
2, 131321
What are the prime factors of 385504?
2, 7, 1721
List the prime factors of 4757113.
23, 107, 1933
What are the prime factors of 96084?
2, 3, 17, 157
What are the prime factors of 674571?
3, 71, 3167
What are the prime factors of 13701067?
13701067
List the prime factors of 21114528.
2, 3, 219943
What are the prime factors of 695200?
2, 5, 11, 79
What are the prime factors of 1761518?
2, 11, 29, 251
What are the prime factors of 4897751?
17, 61, 4723
List the prime factors of 180606.
2, 3, 31, 971
List the prime factors of 11129135.
5, 17, 311, 421
List the prime factors of 1073472.
2, 3, 5591
What are the prime factors of 725532?
2, 3, 103, 587
What are the prime factors of 25006589?
23, 197, 5519
What are the prime factors of 12952157?
12952157
What are the prime factors of 39708699?
3, 197, 67189
What are the prime factors of 19949429?
19949429
List the prime factors of 259871.
151, 1721
List the prime factors of 10345028.
2, 947, 2731
List the prime factors of 189070.
2, 5, 7, 37, 73
What are the prime factors of 2331504?
2, 3, 7, 257
List the prime factors of 2808120.
2, 3, 5, 7, 3343
What are the prime factors of 788517?
3, 87613
List the prime factors of 7111417.
7111417
List the prime factors of 119369.
79, 1511
What are the prime factors of 11557357?
7, 37, 44623
What are the prime factors of 14014604?
2, 31, 113021
List the prime factors of 2024452.
2, 506113
What are the prime factors of 6677890?
2, 5, 67, 9967
List the prime factors of 1585859.
11, 144169
What are the prime factors of 41863?
41863
List the prime factors of 3118359.
3, 179, 5807
List the prime factors of 1347064.
2, 23, 7321
What are the prime factors of 896974?
2, 13, 34499
What are the prime factors of 43015?
5, 7, 1229
List the prime factors of 2098230.
2, 3, 5, 69941
What are the prime factors of 6482413?
7, 97, 9547
What are the prime factors of 1150462?
2, 575231
What are the prime factors of 17648970?
2, 3, 5, 47, 12517
List the prime factors of 4369607.
11, 397237
What are the prime factors of 2432620?
2, 5, 121631
What are the prime factors of 923967?
3, 11, 17, 61
What are the prime factors of 101718?
2, 3, 5651
List the prime factors of 7395152.
2, 61, 7577
List the prime factors of 10539528.
2, 3, 19, 29, 797
List the prime factors of 334708.
2, 11, 7607
What are the prime factors of 91298?
2, 191, 239
List the prime factors of 1168820.
2, 5, 58441
List the prime factors of 969008.
2, 71, 853
List the prime factors of 6226506.
2, 3, 11, 13, 41, 59
What are the prime factors of 3431844?
2, 3, 13, 7333
List the prime factors of 22543465.
5, 7, 61, 10559
What are the prime factors of 42260?
2, 5, 2113
List the prime factors of 12834201.
3, 17, 113, 131
What are the prime factors of 202574?
2, 101287
What are the prime factors of 30786245?
5, 7, 879607
What are the prime factors of 7999378?
2, 271, 14759
What are the prime factors of 2432649?
3, 17, 47699
What are the prime factors of 370713?
3, 7, 127, 139
What are the prime factors of 123483?
3, 41161
List the prime factors of 26519.
23, 1153
List the prime factors of 216535.
5, 11, 31, 127
List the prime factors of 22205163.
3, 7401721
List the prime factors of 89364.
2, 3, 11, 677
What are the prime factors of 4636521?
3, 57241
List the prime factors of 212020.
2, 5, 10601
List the prime factors of 12954354.
2, 3, 7, 308437
What are the prime factors of 428329?
11, 23, 1693
List the prime factors of 1474247.
1474247
What are the prime factors of 1397130?
2, 3, 5, 7, 6653
List the prime factors of 17768087.
17768087
List the prime factors of 1429495.
5, 37, 7727
List the prime factors of 20494102.
2, 10247051
What are the prime factors of 40020788?
2, 17, 43, 13687
List the prime factors of 283868.
2, 13, 53, 103
List the prime factors of 22278940.
2, 5, 47, 137, 173
What are the prime factors of 1472221?
31, 47491
List the prime factors of 683827.
449, 1523
What are the prime factors of 4592253?
3, 719, 2129
What are the prime factors of 3060093?
3, 107, 9533
What are the prime factors of 6202043?
6202043
List the prime factors of 9176527.
31, 296017
What are the prime factors of 8335651?
73, 89, 1283
List the prime factors of 3531692.
2, 882923
List the prime factors of 8214623.
8214623
List the prime factors of 791997.
3, 41, 47, 137
List the prime factors of 1546653.
3, 139, 3709
List the prime factors of 3778015.
5, 199, 3797
What are the prime factors of 53664?
2, 3, 13, 43
What are the prime factors of 742502?
2, 371251
What are the prime factors of 2348871?
3, 7, 37, 3023
List the prime factors of 263150.
2, 5, 19, 277
What are the prime factors of 7813870?
2, 5, 781387
List the prime factors of 348343.
43, 8101
What are the prime factors of 5051427?
3, 173, 9733
What are the prime factors of 10658611?
83, 281, 457
What are the prime factors of 115966?
2, 23, 2521
What are the prime factors of 233465?
5, 53, 881
List the prime factors of 246280.
2, 5, 47, 131
List the prime factors of 489751.
389, 1259
List the prime factors of 144962.
2, 72481
What are the prime factors of 1098351?
3, 122039
List the prime factors of 141491.
7, 17, 29, 41
What are the prime factors of 319654?
2, 23, 6949
What are the prime factors of 5511628?
2, 23, 139, 431
List the prime factors of 195002.
2, 97501
What are the prime factors of 362650?
2, 5, 7253
What are the prime factors of 191503?
13, 14731
List the prime factors of 445267.
89, 5003
List the prime factors of 6534652.
2, 1129, 1447
What are the prime factors of 3721341?
3, 13, 95419
What are the prime factors of 38937?
3, 12979
List the prime factors of 437898.
2, 3, 59, 1237
What are the prime factors of 15373557?
3, 189797
List the prime factors of 171665.
5, 13, 19, 139
What are the prime factors of 15475159?
7, 23, 277, 347
What are the prime factors of 393671?
393671
List the prime factors of 781277.
7, 111611
List the prime factors of 880433.
367, 2399
What are the prime factors of 9903467?
7, 617, 2293
List the prime factors of 597565.
5, 119513
What are the prime factors of 844037?
19, 31, 1433
What are the prime factors of 1959965?
5, 7, 29, 1931
What are the prime factors of 1831940?
2, 5, 11, 757
What are the prime factors of 106570?
2, 5, 10657
What are the prime factors of 674533?
674533
What are the prime factors of 7940134?
2, 251, 15817
What are the prime factors of 102398?
2, 51199
List the prime factors of 333187.
333187
List the prime factors of 601095.
3, 5, 11, 3643
What are the prime factors of 97970?
2, 5, 97, 101
What are the prime factors of 10194267?
3, 23, 147743
What are the prime factors of 1219462?
2, 47, 12973
What are the prime factors of 202865?
5, 13, 3121
What are the prime factors of 949660?
2, 5, 103, 461
List the prime factors of 1131765.
3, 5, 197, 383
List the prime factors of 8316866.
2, 31, 53, 2531
What are the prime factors of 3836746?
2, 19, 31, 3257
List the prime factors of 1727159.
7, 137, 1801
List the prime factors of 141476.
2, 113, 313
What are the prime factors of 357492?
2, 3, 31
What are the prime factors of 1203009?
3,